 the prime factors of 41350283.
13, 277, 11483
What are the prime factors of 26425472?
2, 431, 479
List the prime factors of 855412400.
2, 5, 2138531
List the prime factors of 1755687584.
2, 7, 97, 80803
List the prime factors of 7566981.
3, 37, 68171
What are the prime factors of 459044866?
2, 7, 37, 43, 557
List the prime factors of 24000743.
13, 19, 97169
List the prime factors of 159806278.
2, 79903139
List the prime factors of 1519830218.
2, 541, 1404649
List the prime factors of 1647887221.
11867, 138863
List the prime factors of 193206584.
2, 29, 832787
What are the prime factors of 216435282?
2, 3, 7, 47, 83, 1321
What are the prime factors of 1578029098?
2, 789014549
What are the prime factors of 2029852307?
7, 79, 569, 6451
List the prime factors of 1334760771.
3, 23, 233, 83023
What are the prime factors of 121913980?
2, 5, 89, 68491
What are the prime factors of 5412849589?
7, 17, 43, 997, 1061
List the prime factors of 6056258351.
11, 13, 42351457
What are the prime factors of 1300812777?
3, 11, 29, 97, 173
What are the prime factors of 425400812?
2, 106350203
What are the prime factors of 196297308?
2, 3, 5452703
What are the prime factors of 2161639758?
2, 3, 29, 59, 193, 1091
List the prime factors of 200104756.
2, 17, 29, 47, 127
List the prime factors of 52468839.
3, 67, 87013
List the prime factors of 8408171.
509, 16519
List the prime factors of 36460086.
2, 3, 13, 467437
List the prime factors of 459569897.
101, 4550197
What are the prime factors of 42908805?
3, 5, 31, 10253
List the prime factors of 733692457.
139, 401, 13163
List the prime factors of 623073684.
2, 3, 127, 408841
List the prime factors of 2499872428.
2, 137, 857, 5323
List the prime factors of 22785986.
2, 11392993
What are the prime factors of 26259717?
3, 11, 89, 8941
List the prime factors of 1306514192.
2, 17, 4803361
List the prime factors of 76767009.
3, 11, 953, 2441
List the prime factors of 106871250.
2, 3, 5, 28499
List the prime factors of 2032588567.
73, 3203, 8693
List the prime factors of 70349585.
5, 167, 173, 487
What are the prime factors of 255749869?
29, 8818961
List the prime factors of 1646746866.
2, 3, 311, 294167
What are the prime factors of 3223043754?
2, 3, 7, 76739137
List the prime factors of 827864997.
3, 17, 1361, 11927
List the prime factors of 731649250.
2, 5, 61, 47977
List the prime factors of 60638383.
13, 223, 1609
What are the prime factors of 87645971?
7, 12520853
List the prime factors of 192813740.
2, 5, 7, 47, 29303
List the prime factors of 3463811009.
31, 197, 567187
List the prime factors of 179911873.
283, 635731
What are the prime factors of 21779943?
3, 101, 71881
What are the prime factors of 345135316?
2, 61, 223, 6343
What are the prime factors of 67283758?
2, 239, 140761
What are the prime factors of 2902845396?
2, 3, 11, 47, 467899
List the prime factors of 7658241521.
7, 709, 1543067
What are the prime factors of 2963761885?
5, 7, 43, 1969277
What are the prime factors of 856835515?
5, 171367103
List the prime factors of 64440470.
2, 5, 2377, 2711
What are the prime factors of 1138320926?
2, 569160463
List the prime factors of 88672796.
2, 22168199
List the prime factors of 2735459955.
3, 5, 71, 856169
List the prime factors of 134508986.
2, 37, 1817689
List the prime factors of 658360976.
2, 7, 13, 452171
What are the prime factors of 546517492?
2, 136629373
List the prime factors of 37066376.
2, 227, 20411
What are the prime factors of 19462452?
2, 3, 1621871
What are the prime factors of 266309860?
2, 5, 641, 20773
What are the prime factors of 2041217158?
2, 19, 281, 191161
What are the prime factors of 3055943739?
3, 73, 13954081
What are the prime factors of 21225479?
11, 1929589
List the prime factors of 679738887.
3, 277, 272659
What are the prime factors of 729266515?
5, 145853303
What are the prime factors of 144813517?
41, 71, 49747
List the prime factors of 525220162.
2, 262610081
What are the prime factors of 105273873?
3, 11697097
List the prime factors of 64526091.
3, 7, 438953
List the prime factors of 50892958.
2, 25446479
List the prime factors of 4269506271.
3, 173, 8226409
What are the prime factors of 33106669?
33106669
What are the prime factors of 735675798?
2, 3, 11, 13, 857431
What are the prime factors of 1284095301?
3, 829, 516323
List the prime factors of 3782207492.
2, 7, 23, 29, 4133
List the prime factors of 1460866244.
2, 41, 1987, 4483
List the prime factors of 71225130.
2, 3, 5, 563, 4217
List the prime factors of 60279644.
2, 15069911
List the prime factors of 232255534.
2, 7, 31, 535151
List the prime factors of 4894274996.
2, 13, 1439, 65407
What are the prime factors of 458137596?
2, 3, 7, 59, 97, 953
List the prime factors of 2566194923.
2566194923
List the prime factors of 30329409.
3, 11, 53, 17341
List the prime factors of 44710262.
2, 71, 179, 1759
What are the prime factors of 5541569569?
2141, 2588309
What are the prime factors of 66211624?
2, 2851, 2903
List the prime factors of 115422838.
2, 57711419
What are the prime factors of 196648439?
13, 15126803
List the prime factors of 1613281810.
2, 5, 7, 17, 4691
What are the prime factors of 7559854003?
13, 41, 14183591
List the prime factors of 3655724551.
67, 54563053
List the prime factors of 863168889.
3, 11, 26156633
List the prime factors of 2736031036.
2, 863, 792593
List the prime factors of 694939948.
2, 173734987
What are the prime factors of 168641032?
2, 7, 29, 103843
What are the prime factors of 156322266?
2, 3, 823, 31657
List the prime factors of 72329126.
2, 991, 36493
List the prime factors of 242122345.
5, 2833, 17093
List the prime factors of 168314601.
3, 7, 13, 616537
List the prime factors of 7968120479.
11, 71, 103, 99053
What are the prime factors of 112743514?
2, 13, 37, 163, 719
What are the prime factors of 2155177821?
3, 4861, 147787
List the prime factors of 162421111.
17, 9554183
What are the prime factors of 445602650?
2, 5, 8912053
What are the prime factors of 305033330?
2, 5, 7, 113, 787
What are the prime factors of 1149227265?
3, 5, 4259, 17989
List the prime factors of 40610265.
3, 5, 73, 37087
What are the prime factors of 162716741?
11, 17, 19, 41, 1117
List the prime factors of 634012519.
7, 73, 25321
What are the prime factors of 1065473370?
2, 3, 5, 13, 910661
List the prime factors of 7581524495.
5, 19, 79805521
What are the prime factors of 605538483?
3, 11, 18349651
List the prime factors of 75308632.
2, 7, 1344797
List the prime factors of 90553691.
23, 171179
List the prime factors of 2086989891.
3, 7, 853, 116507
What are the prime factors of 254840402?
2, 107, 677, 1759
List the prime factors of 1728007477.
7, 246858211
What are the prime factors of 2514190414?
2, 1031, 1219297
What are the prime factors of 617252010?
2, 3, 5, 20575067
What are the prime factors of 1004958896?
2, 61, 163, 6317
List the prime factors of 102138479.
8231, 12409
List the prime factors of 914817893.
11, 23, 641, 5641
List the prime factors of 743217421.
71, 1109, 9439
List the prime factors of 104190441.
3, 71, 489157
What are the prime factors of 174601360?
2, 5, 503, 4339
List the prime factors of 49704568.
2, 47, 163, 811
List the prime factors of 84746133.
3, 9416237
List the prime factors of 759523773.
3, 17, 14892623
List the prime factors of 26911532.
2, 419, 16057
List the prime factors of 54640427.
73, 748499
List the prime factors of 675840110.
2, 5, 11, 6144001
What are the prime factors of 41804330?
2, 5, 503, 8311
What are the prime factors of 59948698?
2, 17, 401, 4397
What are the prime factors of 18650233?
7, 257, 1481
What are the prime factors of 971251239?
3, 7, 2027, 22817
What are the prime factors of 42937655?
5, 8587531
List the prime factors of 1570030307.
1570030307
What are the prime factors of 113088903?
3, 227, 166063
List the prime factors of 3668820481.
49277, 74453
List the prime factors of 53715739.
7, 11, 101, 6907
What are the prime factors of 377860388?
2, 94465097
What are the prime factors of 3111540322?
2, 11, 141433651
What are the prime factors of 260329799?
53, 4911883
List the prime factors of 145647125.
5, 13, 47, 1907
What are the prime factors of 3418708713?
3, 7, 307, 530279
List the prime factors of 20612204.
2, 701, 7351
List the p